1
Let p(a) = -15*a - 28. Let x(r) = 9*r. Let m be x(-1). Let q be p(m). Let k = q + -88. What is the highest common divisor of k and 38?
19
Let k be 210/4*(-24)/(-9). Let o(d) = 2*d**3 - 27*d**2 + 143*d - 210. Let r be o(5). What is the greatest common divisor of k and r?
20
Let b = 436 + -304. Suppose 2*d - 3*y - 36 = 0, d - 51*y = -50*y + 23. Calculate the highest common factor of d and b.
33
Let z = -192 + 630. Let y = z + -366. What is the greatest common factor of y and 180?
36
Let k be 262/2 - 10/(-25)*5. Let c be 34 + (-2)/((-27)/6 - -4). What is the highest common divisor of c and k?
19
Let r be -8 - -11 - -29 - -5. Suppose 253 = 12*o + r. Let w be 76/6 - (-6)/(-9). Calculate the greatest common divisor of w and o.
6
Let c = -76 + 172. Suppose 10*b - 4*r = 7*b + 38, r + 69 = 5*b. Suppose b*m - 384 = -2*m. What is the highest common divisor of m and c?
24
Suppose 13*x - 112 = 12*x - 4*o, -4*o + 1648 = 13*x. Let j = 13 + -5. Calculate the highest common factor of j and x.
8
Suppose i + 5*m - 55 = -0*i, -5*i + 170 = 4*m. Let b = 3 - -7. Suppose -87 = -b*l + 33. Calculate the highest common factor of l and i.
6
Let f(w) = -w**3 - 6*w**2 + 6*w - 5. Suppose 0 = 6*b + 35 + 7. Let g be f(b). Let o be 12 - 2*(-1)/g. Calculate the greatest common divisor of 143 and o.
13
Let m = -644 - -658. Let a = 401 + -247. What is the greatest common divisor of a and m?
14
Let o(l) = -l**3 - 16*l**2 - 12*l - 4. Let r be o(-15). Let n be (-3)/21 - 252/r. Let c be (-328)/(-6) - (-5)/15. What is the greatest common factor of n and c?
5
Suppose -6*s - 187 = -11*s - 2*t, -s = 2*t - 39. Let l(x) = 28*x**2 - 3*x. Let w be l(3). Let p = -132 + w. What is the highest common factor of p and s?
37
Suppose -v - z + 971 = 291, 5*z - 25 = 0. What is the highest common factor of 50 and v?
25
Suppose 4*m - 3*a = 2*a + 20, 0 = -m + 4*a - 6. Suppose -1918*h - 11 - 53 = -1950*h. What is the greatest common divisor of m and h?
2
Suppose 284*s - 282*s - 4*g - 4380 = 0, 0 = -3*g - 9. What is the greatest common divisor of 260 and s?
52
Suppose 3*m + 3 = 0, -123 = -5*d - m + 116. Let c be d/36*81/12. Let l be (-42)/4*12/(-2). Calculate the greatest common factor of l and c.
9
Suppose 3*y + 710 = 14*y - 69107. What is the highest common factor of y and 11?
11
Let r = 17263 + -17131. Calculate the greatest common divisor of r and 15576.
132
Let y(d) = -2346*d - 18740. Let c be y(-8). Let l = -411 - -635. What is the greatest common divisor of c and l?
28
Let w be 762*(-5 + (-155)/(-30)). Suppose 4*c = -w + 239. Calculate the highest common divisor of c and 32.
4
Suppose 0 = -5*v + 336 + 107 - 113. Calculate the greatest common divisor of 286 and v.
22
Suppose -3*w = 38*q - 41*q - 2874, -5*w = 4*q - 4727. What is the greatest common divisor of 3 and w?
3
Let a(y) = -17*y + 1. Let m be a(-7). Let g be 2736/(-28)*(-42)/12. Let f = g + -332. Calculate the highest common factor of m and f.
10
Let k be (-68 - 6)/(2/(-3)). Suppose -9 - k = -5*p. What is the greatest common factor of p and 60?
12
Suppose -5*s + 12824 = 270*p - 273*p, -3*s = -p - 7692. What is the greatest common factor of s and 22?
11
Suppose 67 = -15*m + 262. Suppose m - 83 = -5*i + v, 3*i = -2*v + 55. Calculate the highest common factor of i and 285.
15
Let i(k) = 17*k - 182. Let v be i(11). Let n be 2/6 - (-136)/24. Let g = -5 + n. What is the greatest common divisor of g and v?
1
Let a be ((-136)/(-12))/2*(-1 + 16). Let w be (-1 + (11934/(-12))/17)*-2. What is the greatest common factor of a and w?
17
Suppose -1696*v + 1704*v = 32. Calculate the greatest common divisor of v and 440.
4
Let u(y) = -y**2 - y + 1. Let z be u(0). Let j(p) = 41*p**2 - 15*p + 16. Let f be j(z). Calculate the greatest common divisor of f and 30.
6
Suppose -20*l + 14*l = 324. Let v be 38/(-57)*(l/(-4))/(-3). What is the highest common divisor of v and 1?
1
Let k(b) = 3*b - 23. Let i be k(13). Let v = -1537 - -1793. What is the greatest common factor of i and v?
16
Let r(p) = -6*p - 3*p**2 + 193 - 9*p + 4*p**2 - 168. Let f be r(15). Let t = f + -8. What is the highest common divisor of t and 17?
17
Let p be -6*-1*25/15. Suppose -3*b + 177 = -2*x + 34, 94 = 2*b - x. What is the highest common factor of p and b?
5
Let f = -6256 - -6290. Calculate the greatest common divisor of f and 1649.
17
Let k = -41481 + 41533. What is the highest common divisor of 3276 and k?
52
Suppose 0 = -3*p + 2141*v - 2139*v + 3003, 0 = -4*p + 2*v + 4002. Calculate the greatest common divisor of p and 189.
27
Let p(q) = q**2 + q - 4. Let x be p(-2). Let b be 21 + x + 1 + (4 - 6). Calculate the greatest common divisor of b and 18.
18
Suppose 4*t = -59*t + 6615. Let g(f) = f**3 - 21*f**2 + 22*f + 20. Let k be g(20). Calculate the highest common divisor of k and t.
15
Let f be (-38)/8*((-290)/24 - (-1)/12). Calculate the greatest common factor of f and 1216.
19
Suppose 5*l + 0*l = 780. Let g = 1157 - 1097. Suppose -27*i = -32*i + g. Calculate the greatest common factor of l and i.
12
Suppose -14 = -2*y - 4. Suppose -10*v = -y*v - 30. Let d(l) = l**3 + 5*l**2 - 8*l - 4. Let r be d(-6). Calculate the greatest common factor of v and r.
2
Let b = 13399 + -9642. What is the greatest common factor of 1547 and b?
221
Suppose -5*i + 3788 = -36*c + 33*c, -756 = -i + c. Calculate the greatest common divisor of 104 and i.
8
Let d be 2*-1*-1 + 12. Let q be 5 - (-116)/(-4) - 4. Let y(l) = l**2 + 24*l + 14. Let f be y(q). Calculate the greatest common divisor of d and f.
14
Let m(h) be the second derivative of -h**4/12 - 11*h**3/2 - 12*h**2 + 4*h - 7. Let g be m(-27). Calculate the highest common factor of 6 and g.
6
Suppose 5*g + 31 = 2*c + 69, 0 = -3*g + 9*c + 15. Calculate the highest common factor of g and 11432.
8
Let f(a) = -a**3 - 30*a**2 - 51*a + 141. Let w be f(-28). Calculate the greatest common divisor of w and 250.
1
Suppose -478 = 13*k + 7530. Let q = 1319 + k. What is the highest common divisor of 37 and q?
37
Let n = 21636 + -21036. What is the greatest common divisor of 2550 and n?
150
Let z be -1*144/(-8 - 1)*1. What is the greatest common factor of 656 and z?
16
Let k be 1/2*3/((-3)/(-4)). Suppose k*v = 2, -8 = n + 3*n - 4*v. Let b be (-8)/(-32) - (n + 21/(-12)). Calculate the highest common divisor of 3 and b.
3
Let d be (-2)/(4/(-50)) + 0. Let g = -77 + 81. Suppose -5*w = -g*p - 379, 0 = -10*w + 12*w + p - 149. Calculate the greatest common factor of d and w.
25
Let p be (14/(-8) - 0)*-284. Let t = -425 + p. Calculate the greatest common divisor of t and 96.
24
Suppose 33*q - 5185 = -28*q. Calculate the highest common divisor of 493 and q.
17
Let h = -4 - -15. Let v be (20/(-25))/(10/(-475)). Suppose -3*y + 6*y = 3*a + 30, 3*y + 5*a - v = 0. What is the greatest common divisor of y and h?
11
Let w(u) = u**2 + 5*u + 2. Let b be w(4). Let i = 334 - 267. Suppose 3*h - 6 = 0, i = k + 6*h - h. What is the greatest common factor of k and b?
19
Let l = -76 + 71. Let r be 1/l - (-156)/5. Suppose -10*a + 9 = -r. What is the greatest common factor of a and 32?
4
Let u = -25 - -29. Suppose 0*p - p - 5*v - u = 0, 4*v = 3*p - 7. Let o be p - -41 - (-12)/(-6). Calculate the greatest common factor of 40 and o.
40
Let l(y) = y**3 + 31*y**2 - 27*y + 16. Let b be l(-32). Let j be ((b/15)/3)/((-22)/55). Calculate the greatest common factor of j and 8.
8
Let m be 1554/20 + 297/990. Calculate the greatest common divisor of 18 and m.
6
Suppose 0 = 237*h - 203498 + 26222. What is the greatest common divisor of 340 and h?
68
Let c(f) = -f**3 + 13*f**2 + 19*f - 38. Let n be c(15). Let h = -185 - n. What is the greatest common factor of 90 and h?
18
Suppose -3*c + 21849 = 3*d, -73*d - 29140 = -77*d - 5*c. What is the greatest common divisor of 5 and d?
5
Let f = 218 - 455. Let c = -147 - f. Let y(j) = j**3 - 3*j**2 + 3*j + 2. Let m be y(4). Calculate the greatest common divisor of c and m.
30
Suppose 312*q + 65 = 325*q. Suppose 0 = -q*z + g + 286, -4*z = -g - 0*g - 228. What is the greatest common divisor of 725 and z?
29
Let n(f) = f**3 - 11*f**2 + 24*f - 37. Let r be n(9). Suppose 0*d + 289 = r*d. What is the greatest common divisor of d and 187?
17
Let r(n) = -22*n - 50. Let q be r(-5). Let m be (-11)/(88/q)*-2. What is the highest common divisor of 165 and m?
15
Suppose -5*o - 4*v = -